divisor of 1430 and 7260?
110
Calculate the greatest common factor of 345 and 135.
15
Calculate the highest common divisor of 91 and 520.
13
What is the highest common factor of 3 and 5?
1
What is the greatest common factor of 166 and 8466?
166
Calculate the greatest common factor of 18 and 162.
18
Calculate the highest common factor of 53 and 4187.
53
Calculate the greatest common factor of 3592 and 16.
8
What is the greatest common factor of 549 and 18?
9
What is the greatest common divisor of 154 and 88?
22
Calculate the greatest common factor of 3171 and 21.
21
Calculate the greatest common divisor of 44436 and 138.
138
Calculate the highest common divisor of 84 and 908.
4
What is the greatest common factor of 319 and 11?
11
What is the highest common divisor of 3528 and 9?
9
Calculate the greatest common divisor of 81 and 306.
9
Calculate the highest common factor of 78 and 6942.
78
What is the greatest common divisor of 16 and 712?
8
What is the highest common factor of 52 and 1157?
13
Calculate the highest common factor of 33 and 3.
3
What is the highest common factor of 168 and 200?
8
Calculate the greatest common factor of 10447 and 31.
31
What is the highest common factor of 13916 and 196?
196
Calculate the highest common divisor of 68 and 8.
4
Calculate the greatest common divisor of 102 and 102.
102
What is the highest common divisor of 432 and 23976?
216
What is the highest common divisor of 4 and 1252?
4
Calculate the greatest common divisor of 12 and 12484.
4
Calculate the highest common divisor of 647 and 1.
1
Calculate the highest common divisor of 410 and 110.
10
Calculate the greatest common divisor of 79 and 711.
79
What is the highest common divisor of 117 and 26?
13
What is the highest common divisor of 708 and 12?
12
What is the highest common divisor of 54 and 1350?
54
Calculate the greatest common divisor of 686 and 13622.
98
Calculate the highest common factor of 67 and 335.
67
Calculate the greatest common factor of 504 and 56.
56
Calculate the greatest common factor of 5137 and 55.
11
What is the greatest common divisor of 35 and 392?
7
What is the highest common divisor of 37 and 37?
37
Calculate the highest common factor of 24986 and 26.
26
What is the highest common factor of 10 and 320?
10
What is the highest common divisor of 352 and 56?
8
Calculate the highest common divisor of 3375 and 1375.
125
What is the greatest common factor of 27 and 39?
3
What is the greatest common divisor of 49 and 29596?
49
What is the highest common factor of 64 and 7?
1
What is the highest common divisor of 1243 and 99?
11
Calculate the greatest common factor of 18390 and 90.
30
What is the highest common factor of 71 and 1633?
71
Calculate the highest common factor of 21 and 112.
7
Calculate the greatest common divisor of 37 and 23828.
37
What is the greatest common divisor of 19 and 304?
19
Calculate the greatest common factor of 1360 and 4624.
272
What is the highest common divisor of 51 and 12359?
17
What is the highest common factor of 11 and 748?
11
What is the greatest common factor of 42 and 918?
6
Calculate the greatest common factor of 1075 and 258.
43
Calculate the greatest common divisor of 45 and 55.
5
What is the greatest common factor of 3817 and 33?
11
What is the highest common divisor of 61 and 1525?
61
What is the highest common factor of 594 and 66?
66
Calculate the greatest common factor of 308 and 112.
28
What is the highest common factor of 26986 and 131?
131
Calculate the highest common divisor of 182 and 312.
26
Calculate the greatest common divisor of 231 and 2937.
33
Calculate the highest common divisor of 6441 and 57.
57
What is the highest common divisor of 1125 and 63?
9
Calculate the highest common factor of 45 and 72.
9
What is the greatest common factor of 506 and 66?
22
Calculate the greatest common divisor of 32 and 5344.
32
Calculate the greatest common divisor of 7 and 3024.
7
What is the greatest common divisor of 282 and 7426?
94
Calculate the greatest common factor of 44 and 124.
4
Calculate the highest common divisor of 55 and 77.
11
Calculate the highest common factor of 558 and 54.
18
What is the greatest common divisor of 3780 and 280?
140
What is the highest common divisor of 59 and 1003?
59
Calculate the greatest common divisor of 72 and 192.
24
What is the greatest common divisor of 2378 and 82?
82
What is the greatest common factor of 2 and 251?
1
What is the highest common factor of 255 and 153?
51
Calculate the greatest common factor of 52 and 767.
13
What is the greatest common divisor of 45 and 36?
9
What is the greatest common divisor of 13 and 377?
13
Calculate the highest common divisor of 1000 and 80.
40
What is the highest common divisor of 33 and 1243?
11
Calculate the greatest common factor of 200 and 8.
8
Calculate the highest common divisor of 32 and 5.
1
What is the greatest common divisor of 93 and 3?
3
What is the greatest common divisor of 4 and 36?
4
Calculate the greatest common factor of 27 and 99.
9
Calculate the highest common factor of 3020 and 60.
20
What is the highest common divisor of 360 and 5080?
40
Calculate the greatest common factor of 244 and 3477.
61
Calculate the highest common divisor of 972 and 36.
36
Calculate the greatest common divisor of 112 and 16.
16
What is the highest common divisor of 121 and 2585?
11
Calculate the highest common factor of 28 and 1.
1
Calculate the greatest common divisor of 4 and 548.
4
What is the greatest common factor of 46059 and 39?
39
What is the greatest common divisor of 308 and 42?
14
What is the highest common divisor of 59 and 17936?
59
What is the greatest common factor of 4956 and 182?
14
Calculate the highest common factor of 92 and 8.
4
Calculate the highest common factor of 525 and 3.
3
Calculate the highest common divisor of 48 and 1164.
12
What is the highest common factor of 580 and 20?
20
Calculate the highest common factor of 104 and 776.
8
What is the greatest common divisor of 24 and 153?
3
Calculate the highest common factor of 20 and 85.
5
What is the greatest common divisor of 246 and 2050?
82
What is the highest common divisor of 1541 and 46?
23
Calculate the greatest common divisor of 60 and 108.
12
What is the highest common factor of 65 and 13?
13
What is the greatest common divisor of 88 and 316?
4
What is the greatest common divisor of 52 and 4238?
26
Calculate the highest common divisor of 280 and 42.
14
Calculate the greatest common divisor of 255 and 375.
15
Calculate the greatest common factor of 2 and 134.
2
What is the highest common factor of 44 and 55?
11
What is the highest common divisor of 9 and 75?
3
Calculate the highest common divisor of 95 and 10.
5
Calculate the highest common factor of 1184 and 32.
32
Calculate the highest common divisor of 301 and 121002.
301
Calculate the greatest common divisor of 36 and 1260.
36
What is the highest common divisor of 91 and 1274?
91
Calculate the highest common divisor of 23858 and 474.
158
Calculate the greatest common divisor of 345 and 138.
69
Calculate the greatest common factor of 697 and 34.
17
What is the highest common divisor of 46 and 6647?
23
Calculate the highest common factor of 34 and 1054.
34
Calculate the greatest common factor of 21 and 672.
21
Calculate the highest common factor of 8 and 104.
8
What is the greatest common factor of 36 and 114?
6
Calculate the highest common divisor of 32 and 124.
4
What is the greatest common factor of 23 and 92?
23
Calculate the greatest common divisor of 2873 and 7956.
221
What is the greatest common divisor of 30 and 1935?
15
What is the greatest common factor of 40 and 130?
10
Calculate the greatest common divisor of 3 and 471.
3
Calculate the greatest common divisor of 348 and 96.
12
What is the highest common divisor of 106 and 53?
53
Calculate the highest common factor of 4 and 548.
4
What is the highest common factor of 497 and 213?
71
Calculate the highest common factor of 64 and 1712.
16
Calculate the highest common divisor of 208 and 26.
26
What is the greatest common factor of 512 and 160?
32
What is the highest common factor of 87 and 4321?
29
Calculate the greatest common factor of 8 and 47.
1
Calculate the greatest common divisor of 18 and 18.
18
What is the highest